{"id":444,"date":"2015-06-29T23:01:13","date_gmt":"2015-06-29T23:01:13","guid":{"rendered":"http:\/\/o-mas-proyectos.com\/v4\/?page_id=444"},"modified":"2023-05-18T02:07:48","modified_gmt":"2023-05-18T02:07:48","slug":"news","status":"publish","type":"page","link":"https:\/\/o-mas-proyectos.com\/v4\/news\/","title":{"rendered":"Noticias"},"content":{"rendered":"<div class=\"fusion-fullwidth fullwidth-box fusion-builder-row-1 fusion-flex-container hundred-percent-fullwidth non-hundred-percent-height-scrolling\" style=\"--awb-border-radius-top-left:0px;--awb-border-radius-top-right:0px;--awb-border-radius-bottom-right:0px;--awb-border-radius-bottom-left:0px;--awb-overflow:visible;\" ><div class=\"fusion-builder-row fusion-row fusion-flex-align-items-flex-start\" style=\"width:104% !important;max-width:104% !important;margin-left: calc(-4% \/ 2 );margin-right: calc(-4% \/ 2 );\"><div class=\"fusion-layout-column fusion_builder_column fusion-builder-column-0 fusion_builder_column_1_1 1_1 fusion-flex-column fusion-flex-align-self-flex-start fusion-column-no-min-height\" style=\"--awb-bg-size:cover;--awb-width-large:100%;--awb-margin-top-large:0px;--awb-spacing-right-large:1.92%;--awb-margin-bottom-large:0px;--awb-spacing-left-large:1.92%;--awb-width-medium:100%;--awb-spacing-right-medium:1.92%;--awb-spacing-left-medium:1.92%;--awb-width-small:100%;--awb-spacing-right-small:1.92%;--awb-spacing-left-small:1.92%;\"><div class=\"fusion-column-wrapper fusion-flex-justify-content-flex-start fusion-content-layout-column\"><div class=\"fusion-blog-shortcode fusion-blog-shortcode-1 fusion-blog-archive fusion-blog-layout-medium fusion-blog-pagination\"><div class=\"fusion-posts-container fusion-posts-container-pagination fusion-blog-rollover\" data-pages=\"1\"><article id=\"blog-1-post-1357\" class=\"fusion-post-medium post-1357 post type-post status-publish format-standard has-post-thumbnail hentry category-proyectos category-sustentabilidad\">\n\t<style type=\"text\/css\">\n\t\t\n\t\t\n\t\t\n\t\t\n\t\t\t<\/style>\n\n\n\t\t\t<div class=\"fusion-flexslider flexslider fusion-flexslider-loading fusion-post-slideshow\" style=\"\">\n\t\t<ul class=\"slides\">\n\t\t\t\n\t\t\t\t\t\t\t\t\t\t\t\t\t\t<li><div  class=\"fusion-image-wrapper fusion-image-size-fixed\" aria-haspopup=\"true\">\n\t\t\t\t<img decoding=\"async\" width=\"320\" height=\"202\" src=\"https:\/\/o-mas-proyectos.com\/v4\/wp-content\/uploads\/2023\/08\/VW-CL-320x202.webp\" class=\"attachment-blog-medium size-blog-medium lazyload wp-post-image\" alt=\"VW\" srcset=\"data:image\/svg+xml,%3Csvg%20xmlns%3D%27http%3A%2F%2Fwww.w3.org%2F2000%2Fsvg%27%20width%3D%27822%27%20height%3D%27460%27%20viewBox%3D%270%200%20822%20460%27%3E%3Crect%20width%3D%27822%27%20height%3D%27460%27%20fill-opacity%3D%220%22%2F%3E%3C%2Fsvg%3E\" data-orig-src=\"https:\/\/o-mas-proyectos.com\/v4\/wp-content\/uploads\/2023\/08\/VW-CL-320x202.webp\" data-srcset=\"https:\/\/o-mas-proyectos.com\/v4\/wp-content\/uploads\/2023\/08\/VW-CL-320x202.webp 320w, https:\/\/o-mas-proyectos.com\/v4\/wp-content\/uploads\/2023\/08\/VW-CL-700x441.webp 700w\" data-sizes=\"auto\" \/><div class=\"fusion-rollover\">\n\t<div class=\"fusion-rollover-content\">\n\n\t\t\t\t\t\t\t\t\t\t\t\t\t\t<a class=\"fusion-rollover-link\" href=\"https:\/\/o-mas-proyectos.com\/v4\/2021\/09\/27\/nuevo-centro-de-logistica-de-volkswagen-group-argentina\/\">Nuevo centro de log\u00edstica de Volkswagen Group Argentina<\/a>\n\t\t\t\n\t\t\t\t\t\t\t\t\t\t\t\t\t\t\n\t\t\t\t\t\t\t\t\n\t\t\t\t\t\t\t\t\t\t\t\t\t<div class=\"fusion-rollover-sep\"><\/div>\n\t\t\t\t\n\t\t\t\t\t\t\t\t\t\t\t\t\t\t\t\t\t\t<a class=\"fusion-rollover-gallery\" href=\"https:\/\/o-mas-proyectos.com\/v4\/wp-content\/uploads\/2023\/08\/VW-CL.webp\" data-id=\"1357\" data-rel=\"iLightbox[gallery]\" data-title=\"VW CL\" data-caption=\"\">\n\t\t\t\t\t\tGaler\u00eda\t\t\t\t\t<\/a>\n\t\t\t\t\t\t\t\t\t\t\t\t\t\t\n\t\t\n\t\t\t\t\t\t\t\t\t\t\t\t<h4 class=\"fusion-rollover-title\">\n\t\t\t\t\t<a class=\"fusion-rollover-title-link\" href=\"https:\/\/o-mas-proyectos.com\/v4\/2021\/09\/27\/nuevo-centro-de-logistica-de-volkswagen-group-argentina\/\">\n\t\t\t\t\t\tNuevo centro de log\u00edstica de Volkswagen Group Argentina\t\t\t\t\t<\/a>\n\t\t\t\t<\/h4>\n\t\t\t\n\t\t\t\t\t\t\t\t\n\t\t\n\t\t\t\t\t\t<a class=\"fusion-link-wrapper\" href=\"https:\/\/o-mas-proyectos.com\/v4\/2021\/09\/27\/nuevo-centro-de-logistica-de-volkswagen-group-argentina\/\" aria-label=\"Nuevo centro de log\u00edstica de Volkswagen Group Argentina\"><\/a>\n\t<\/div>\n<\/div>\n<\/div>\n<\/li>\n\t\t\t\n\t\t\t\n\t\t\t\t\t\t\t\t\t\t\t\t\t\t\t\t\t\t\t\t\t\t\t\t\t\t\t\t\t\t\t\t\t\t\t\t\t\t\t\t\t\t\t\t\t\t\t\t\t\t\t\t\t\t\t\t\t\t\t\t\t\t\t\t\t\t\t\t\t\t\t\t\t\t\t\t\t\t\t\t\t\t\t\t\t\t\t\t\t\t\t\t\t\t\t\t\t\t\t\t\t\t\t\t\t\t\t\t\t\t\t\t\t\t\t\t\t\t\t\t\t\t\t\t\t\t\t\t\t\t\t\t\t\t\t\t\t\t\t\t\t\t\t\t\t\t\t\t\t\t\t\t\t\t\t\t\t\t\t\t\t\t\t\t\t\t\t\t\t\t\t\t\t\t\t\t\t\t\t\t\t\t\t\t\t\t\t\t\t\t\t\t\t\t\t\t\t\t\t\t\t\t\t<\/ul>\n\t<\/div>\n\t<div class=\"fusion-post-content post-content\"><h2 class=\"blog-shortcode-post-title entry-title\"><a href=\"https:\/\/o-mas-proyectos.com\/v4\/2021\/09\/27\/nuevo-centro-de-logistica-de-volkswagen-group-argentina\/\">Nuevo centro de log\u00edstica de Volkswagen Group Argentina<\/a><\/h2><div class=\"fusion-post-content-container\"><p> Ubicado en la localidad de Pilar, el Centro Log\u00edstico F\u00e1tima tiene m\u00e1s de 53.000 metros cuadrados y permite almacenar y distribuir repuestos y accesorios para m\u00e1s de 200 modelos del Grupo Volkswagen. Sirve como[...]<\/p><\/div><\/div><div class=\"fusion-clearfix\"><\/div><div class=\"fusion-meta-info\"><div class=\"fusion-alignleft\">Por <span class=\"vcard\"><span class=\"fn\"><a href=\"https:\/\/o-mas-proyectos.com\/v4\/author\/301\/\" title=\"Entradas de O+ Proyectos\" rel=\"author\">O+ Proyectos<\/a><\/span><\/span><span class=\"fusion-inline-sep\">|<\/span><span class=\"updated\" style=\"display:none;\">2023-08-10T18:19:24+00:00<\/span><span>27\/09\/2021<\/span><span class=\"fusion-inline-sep\">|<\/span>Categor\u00edas: <a href=\"https:\/\/o-mas-proyectos.com\/v4\/category\/proyectos\/\" rel=\"category tag\">Proyectos<\/a>, <a href=\"https:\/\/o-mas-proyectos.com\/v4\/category\/sustentabilidad\/\" rel=\"category tag\">Sustentabilidad<\/a><span class=\"fusion-inline-sep\">|<\/span><\/div><div class=\"fusion-alignright\"><a class=\"fusion-read-more\" href=\"https:\/\/o-mas-proyectos.com\/v4\/2021\/09\/27\/nuevo-centro-de-logistica-de-volkswagen-group-argentina\/\" aria-label=\"More on Nuevo centro de log\u00edstica de Volkswagen Group Argentina\">Leer M\u00e1s<\/a><\/div><\/div><\/article>\n<article id=\"blog-1-post-1348\" class=\"fusion-post-medium post-1348 post type-post status-publish format-standard has-post-thumbnail hentry category-proyectos\">\n\t<style type=\"text\/css\">\n\t\t\n\t\t\n\t\t\n\t\t\n\t\t\t<\/style>\n\n\n\t\t\t<div class=\"fusion-flexslider flexslider fusion-flexslider-loading fusion-post-slideshow\" style=\"\">\n\t\t<ul class=\"slides\">\n\t\t\t\n\t\t\t\t\t\t\t\t\t\t\t\t\t\t<li><div  class=\"fusion-image-wrapper fusion-image-size-fixed\" aria-haspopup=\"true\">\n\t\t\t\t<img decoding=\"async\" width=\"320\" height=\"202\" src=\"https:\/\/o-mas-proyectos.com\/v4\/wp-content\/uploads\/2023\/08\/VW-320x202.png\" class=\"attachment-blog-medium size-blog-medium lazyload wp-post-image\" alt=\"\" srcset=\"data:image\/svg+xml,%3Csvg%20xmlns%3D%27http%3A%2F%2Fwww.w3.org%2F2000%2Fsvg%27%20width%3D%27880%27%20height%3D%27586%27%20viewBox%3D%270%200%20880%20586%27%3E%3Crect%20width%3D%27880%27%20height%3D%27586%27%20fill-opacity%3D%220%22%2F%3E%3C%2Fsvg%3E\" data-orig-src=\"https:\/\/o-mas-proyectos.com\/v4\/wp-content\/uploads\/2023\/08\/VW-320x202.png\" data-srcset=\"https:\/\/o-mas-proyectos.com\/v4\/wp-content\/uploads\/2023\/08\/VW-320x202.png 320w, https:\/\/o-mas-proyectos.com\/v4\/wp-content\/uploads\/2023\/08\/VW-700x441.png 700w\" data-sizes=\"auto\" \/><div class=\"fusion-rollover\">\n\t<div class=\"fusion-rollover-content\">\n\n\t\t\t\t\t\t\t\t\t\t\t\t\t\t<a class=\"fusion-rollover-link\" href=\"https:\/\/o-mas-proyectos.com\/v4\/2021\/09\/24\/como-es-el-nuevo-centro-logistico-de-volkswagen-en-pilar\/\">C\u00f3mo es el nuevo Centro Log\u00edstico de Volkswagen en Pilar<\/a>\n\t\t\t\n\t\t\t\t\t\t\t\t\t\t\t\t\t\t\n\t\t\t\t\t\t\t\t\n\t\t\t\t\t\t\t\t\t\t\t\t\t<div class=\"fusion-rollover-sep\"><\/div>\n\t\t\t\t\n\t\t\t\t\t\t\t\t\t\t\t\t\t\t\t\t\t\t<a class=\"fusion-rollover-gallery\" href=\"https:\/\/o-mas-proyectos.com\/v4\/wp-content\/uploads\/2023\/08\/VW.png\" data-id=\"1348\" data-rel=\"iLightbox[gallery]\" data-title=\"VW\" data-caption=\"\">\n\t\t\t\t\t\tGaler\u00eda\t\t\t\t\t<\/a>\n\t\t\t\t\t\t\t\t\t\t\t\t\t\t\n\t\t\n\t\t\t\t\t\t\t\t\t\t\t\t<h4 class=\"fusion-rollover-title\">\n\t\t\t\t\t<a class=\"fusion-rollover-title-link\" href=\"https:\/\/o-mas-proyectos.com\/v4\/2021\/09\/24\/como-es-el-nuevo-centro-logistico-de-volkswagen-en-pilar\/\">\n\t\t\t\t\t\tC\u00f3mo es el nuevo Centro Log\u00edstico de Volkswagen en Pilar\t\t\t\t\t<\/a>\n\t\t\t\t<\/h4>\n\t\t\t\n\t\t\t\t\t\t\t\t\n\t\t\n\t\t\t\t\t\t<a class=\"fusion-link-wrapper\" href=\"https:\/\/o-mas-proyectos.com\/v4\/2021\/09\/24\/como-es-el-nuevo-centro-logistico-de-volkswagen-en-pilar\/\" aria-label=\"C\u00f3mo es el nuevo Centro Log\u00edstico de Volkswagen en Pilar\"><\/a>\n\t<\/div>\n<\/div>\n<\/div>\n<\/li>\n\t\t\t\n\t\t\t\n\t\t\t\t\t\t\t\t\t\t\t\t\t\t\t\t\t\t\t\t\t\t\t\t\t\t\t\t\t\t\t\t\t\t\t\t\t\t\t\t\t\t\t\t\t\t\t\t\t\t\t\t\t\t\t\t\t\t\t\t\t\t\t\t\t\t\t\t\t\t\t\t\t\t\t\t\t\t\t\t\t\t\t\t\t\t\t\t\t\t\t\t\t\t\t\t\t\t\t\t\t\t\t\t\t\t\t\t\t\t\t\t\t\t\t\t\t\t\t\t\t\t\t\t\t\t\t\t\t\t\t\t\t\t\t\t\t\t\t\t\t\t\t\t\t\t\t\t\t\t\t\t\t\t\t\t\t\t\t\t\t\t\t\t\t\t\t\t\t\t\t\t\t\t\t\t\t\t\t\t\t\t\t\t\t\t\t\t\t\t\t\t\t\t\t\t\t\t\t\t\t\t\t<\/ul>\n\t<\/div>\n\t<div class=\"fusion-post-content post-content\"><h2 class=\"blog-shortcode-post-title entry-title\"><a href=\"https:\/\/o-mas-proyectos.com\/v4\/2021\/09\/24\/como-es-el-nuevo-centro-logistico-de-volkswagen-en-pilar\/\">C\u00f3mo es el nuevo Centro Log\u00edstico de Volkswagen en Pilar<\/a><\/h2><div class=\"fusion-post-content-container\"><p> La automotriz inaugur\u00f3 el Centro Log\u00edstico F\u00e1tima que tiene m\u00e1s de 53.000 metros cuadrados como parte de su estrategia de emisiones cero para 2050. Volkswagen Group Argentina\u00a0inaugur\u00f3 el nuevo\u00a0Centro Log\u00edstico F\u00e1tima, en el municipio[...]<\/p><\/div><\/div><div class=\"fusion-clearfix\"><\/div><div class=\"fusion-meta-info\"><div class=\"fusion-alignleft\">Por <span class=\"vcard\"><span class=\"fn\"><a href=\"https:\/\/o-mas-proyectos.com\/v4\/author\/301\/\" title=\"Entradas de O+ Proyectos\" rel=\"author\">O+ Proyectos<\/a><\/span><\/span><span class=\"fusion-inline-sep\">|<\/span><span class=\"updated\" style=\"display:none;\">2023-08-09T20:24:18+00:00<\/span><span>24\/09\/2021<\/span><span class=\"fusion-inline-sep\">|<\/span>Categor\u00edas: <a href=\"https:\/\/o-mas-proyectos.com\/v4\/category\/proyectos\/\" rel=\"category tag\">Proyectos<\/a><span class=\"fusion-inline-sep\">|<\/span><\/div><div class=\"fusion-alignright\"><a class=\"fusion-read-more\" href=\"https:\/\/o-mas-proyectos.com\/v4\/2021\/09\/24\/como-es-el-nuevo-centro-logistico-de-volkswagen-en-pilar\/\" aria-label=\"More on C\u00f3mo es el nuevo Centro Log\u00edstico de Volkswagen en Pilar\">Leer M\u00e1s<\/a><\/div><\/div><\/article>\n<article id=\"blog-1-post-1341\" class=\"fusion-post-medium post-1341 post type-post status-publish format-standard has-post-thumbnail hentry category-proyectos\">\n\t<style type=\"text\/css\">\n\t\t\n\t\t\n\t\t\n\t\t\n\t\t\t<\/style>\n\n\n\t\t\t<div class=\"fusion-flexslider flexslider fusion-flexslider-loading fusion-post-slideshow\" style=\"\">\n\t\t<ul class=\"slides\">\n\t\t\t\n\t\t\t\t\t\t\t\t\t\t\t\t\t\t<li><div  class=\"fusion-image-wrapper fusion-image-size-fixed\" aria-haspopup=\"true\">\n\t\t\t\t<img decoding=\"async\" width=\"320\" height=\"202\" src=\"https:\/\/o-mas-proyectos.com\/v4\/wp-content\/uploads\/2021\/09\/centro-logistico-fatima-VW-1-320x202.webp\" class=\"attachment-blog-medium size-blog-medium lazyload wp-post-image\" alt=\"Volkswagen\" srcset=\"data:image\/svg+xml,%3Csvg%20xmlns%3D%27http%3A%2F%2Fwww.w3.org%2F2000%2Fsvg%27%20width%3D%271024%27%20height%3D%27714%27%20viewBox%3D%270%200%201024%20714%27%3E%3Crect%20width%3D%271024%27%20height%3D%27714%27%20fill-opacity%3D%220%22%2F%3E%3C%2Fsvg%3E\" data-orig-src=\"https:\/\/o-mas-proyectos.com\/v4\/wp-content\/uploads\/2021\/09\/centro-logistico-fatima-VW-1-320x202.webp\" data-srcset=\"https:\/\/o-mas-proyectos.com\/v4\/wp-content\/uploads\/2021\/09\/centro-logistico-fatima-VW-1-320x202.webp 320w, https:\/\/o-mas-proyectos.com\/v4\/wp-content\/uploads\/2021\/09\/centro-logistico-fatima-VW-1-700x441.webp 700w\" data-sizes=\"auto\" \/><div class=\"fusion-rollover\">\n\t<div class=\"fusion-rollover-content\">\n\n\t\t\t\t\t\t\t\t\t\t\t\t\t\t<a class=\"fusion-rollover-link\" href=\"https:\/\/o-mas-proyectos.com\/v4\/2021\/09\/20\/volkswagen-inauguro-el-centro-logistico-fatima-en-pilar\/\">Volkswagen inaugur\u00f3 el Centro Log\u00edstico F\u00e1tima en Pilar<\/a>\n\t\t\t\n\t\t\t\t\t\t\t\t\t\t\t\t\t\t\n\t\t\t\t\t\t\t\t\n\t\t\t\t\t\t\t\t\t\t\t\t\t<div class=\"fusion-rollover-sep\"><\/div>\n\t\t\t\t\n\t\t\t\t\t\t\t\t\t\t\t\t\t\t\t\t\t\t<a class=\"fusion-rollover-gallery\" href=\"https:\/\/o-mas-proyectos.com\/v4\/wp-content\/uploads\/2021\/09\/centro-logistico-fatima-VW-1.webp\" data-id=\"1341\" data-rel=\"iLightbox[gallery]\" data-title=\"centro-logistico-fatima-VW-1\" data-caption=\"\">\n\t\t\t\t\t\tGaler\u00eda\t\t\t\t\t<\/a>\n\t\t\t\t\t\t\t\t\t\t\t\t\t\t\n\t\t\n\t\t\t\t\t\t\t\t\t\t\t\t<h4 class=\"fusion-rollover-title\">\n\t\t\t\t\t<a class=\"fusion-rollover-title-link\" href=\"https:\/\/o-mas-proyectos.com\/v4\/2021\/09\/20\/volkswagen-inauguro-el-centro-logistico-fatima-en-pilar\/\">\n\t\t\t\t\t\tVolkswagen inaugur\u00f3 el Centro Log\u00edstico F\u00e1tima en Pilar\t\t\t\t\t<\/a>\n\t\t\t\t<\/h4>\n\t\t\t\n\t\t\t\t\t\t\t\t\n\t\t\n\t\t\t\t\t\t<a class=\"fusion-link-wrapper\" href=\"https:\/\/o-mas-proyectos.com\/v4\/2021\/09\/20\/volkswagen-inauguro-el-centro-logistico-fatima-en-pilar\/\" aria-label=\"Volkswagen inaugur\u00f3 el Centro Log\u00edstico F\u00e1tima en Pilar\"><\/a>\n\t<\/div>\n<\/div>\n<\/div>\n<\/li>\n\t\t\t\n\t\t\t\n\t\t\t\t\t\t\t\t\t\t\t\t\t\t\t\t\t\t\t\t\t\t\t\t\t\t\t\t\t\t\t\t\t\t\t\t\t\t\t\t\t\t\t\t\t\t\t\t\t\t\t\t\t\t\t\t\t\t\t\t\t\t\t\t\t\t\t\t\t\t\t\t\t\t\t\t\t\t\t\t\t\t\t\t\t\t\t\t\t\t\t\t\t\t\t\t\t\t\t\t\t\t\t\t\t\t\t\t\t\t\t\t\t\t\t\t\t\t\t\t\t\t\t\t\t\t\t\t\t\t\t\t\t\t\t\t\t\t\t\t\t\t\t\t\t\t\t\t\t\t\t\t\t\t\t\t\t\t\t\t\t\t\t\t\t\t\t\t\t\t\t\t\t\t\t\t\t\t\t\t\t\t\t\t\t\t\t\t\t\t\t\t\t\t\t\t\t\t\t\t\t\t\t<\/ul>\n\t<\/div>\n\t<div class=\"fusion-post-content post-content\"><h2 class=\"blog-shortcode-post-title entry-title\"><a href=\"https:\/\/o-mas-proyectos.com\/v4\/2021\/09\/20\/volkswagen-inauguro-el-centro-logistico-fatima-en-pilar\/\">Volkswagen inaugur\u00f3 el Centro Log\u00edstico F\u00e1tima en Pilar<\/a><\/h2><div class=\"fusion-post-content-container\"><p> Volkswagen Group Argentina inaugur\u00f3 el Centro Log\u00edstico F\u00e1tima, en el municipio bonaerense de Pilar. Se trata de un proyecto que forma parte del plan de inversi\u00f3n anunciado por el Grupo por casi us$ 1.000[...]<\/p><\/div><\/div><div class=\"fusion-clearfix\"><\/div><div class=\"fusion-meta-info\"><div class=\"fusion-alignleft\">Por <span class=\"vcard\"><span class=\"fn\"><a href=\"https:\/\/o-mas-proyectos.com\/v4\/author\/301\/\" title=\"Entradas de O+ Proyectos\" rel=\"author\">O+ Proyectos<\/a><\/span><\/span><span class=\"fusion-inline-sep\">|<\/span><span class=\"updated\" style=\"display:none;\">2023-08-09T20:01:37+00:00<\/span><span>20\/09\/2021<\/span><span class=\"fusion-inline-sep\">|<\/span>Categor\u00edas: <a href=\"https:\/\/o-mas-proyectos.com\/v4\/category\/proyectos\/\" rel=\"category tag\">Proyectos<\/a><span class=\"fusion-inline-sep\">|<\/span><\/div><div class=\"fusion-alignright\"><a class=\"fusion-read-more\" href=\"https:\/\/o-mas-proyectos.com\/v4\/2021\/09\/20\/volkswagen-inauguro-el-centro-logistico-fatima-en-pilar\/\" aria-label=\"More on Volkswagen inaugur\u00f3 el Centro Log\u00edstico F\u00e1tima en Pilar\">Leer M\u00e1s<\/a><\/div><\/div><\/article>\n<article id=\"blog-1-post-1338\" class=\"fusion-post-medium post-1338 post type-post status-publish format-standard has-post-thumbnail hentry category-proyectos category-sustentabilidad\">\n\t<style type=\"text\/css\">\n\t\t\n\t\t\n\t\t\n\t\t\n\t\t\t<\/style>\n\n\n\t\t\t<div class=\"fusion-flexslider flexslider fusion-flexslider-loading fusion-post-slideshow\" style=\"\">\n\t\t<ul class=\"slides\">\n\t\t\t\n\t\t\t\t\t\t\t\t\t\t\t\t\t\t<li><div  class=\"fusion-image-wrapper fusion-image-size-fixed\" aria-haspopup=\"true\">\n\t\t\t\t<img decoding=\"async\" width=\"320\" height=\"202\" src=\"https:\/\/o-mas-proyectos.com\/v4\/wp-content\/uploads\/2023\/08\/grupo-tasa-paraguay-320x202.jpeg\" class=\"attachment-blog-medium size-blog-medium lazyload wp-post-image\" alt=\"Grupo TASA Paraguay\" srcset=\"data:image\/svg+xml,%3Csvg%20xmlns%3D%27http%3A%2F%2Fwww.w3.org%2F2000%2Fsvg%27%20width%3D%27840%27%20height%3D%27446%27%20viewBox%3D%270%200%20840%20446%27%3E%3Crect%20width%3D%27840%27%20height%3D%27446%27%20fill-opacity%3D%220%22%2F%3E%3C%2Fsvg%3E\" data-orig-src=\"https:\/\/o-mas-proyectos.com\/v4\/wp-content\/uploads\/2023\/08\/grupo-tasa-paraguay-320x202.jpeg\" data-srcset=\"https:\/\/o-mas-proyectos.com\/v4\/wp-content\/uploads\/2023\/08\/grupo-tasa-paraguay-320x202.jpeg 320w, https:\/\/o-mas-proyectos.com\/v4\/wp-content\/uploads\/2023\/08\/grupo-tasa-paraguay-700x441.jpeg 700w\" data-sizes=\"auto\" \/><div class=\"fusion-rollover\">\n\t<div class=\"fusion-rollover-content\">\n\n\t\t\t\t\t\t\t\t\t\t\t\t\t\t<a class=\"fusion-rollover-link\" href=\"https:\/\/o-mas-proyectos.com\/v4\/2019\/01\/15\/grupo-tasa-alcanza-la-primer-certificacion-leed-gold-de-paraguay\/\">Grupo TASA alcanza la primer Certificaci\u00f3n LEED Gold de Paraguay<\/a>\n\t\t\t\n\t\t\t\t\t\t\t\t\t\t\t\t\t\t\n\t\t\t\t\t\t\t\t\n\t\t\t\t\t\t\t\t\t\t\t\t\t<div class=\"fusion-rollover-sep\"><\/div>\n\t\t\t\t\n\t\t\t\t\t\t\t\t\t\t\t\t\t\t\t\t\t\t<a class=\"fusion-rollover-gallery\" href=\"https:\/\/o-mas-proyectos.com\/v4\/wp-content\/uploads\/2023\/08\/grupo-tasa-paraguay.jpeg\" data-id=\"1338\" data-rel=\"iLightbox[gallery]\" data-title=\"grupo-tasa-paraguay\" data-caption=\"\">\n\t\t\t\t\t\tGaler\u00eda\t\t\t\t\t<\/a>\n\t\t\t\t\t\t\t\t\t\t\t\t\t\t\n\t\t\n\t\t\t\t\t\t\t\t\t\t\t\t<h4 class=\"fusion-rollover-title\">\n\t\t\t\t\t<a class=\"fusion-rollover-title-link\" href=\"https:\/\/o-mas-proyectos.com\/v4\/2019\/01\/15\/grupo-tasa-alcanza-la-primer-certificacion-leed-gold-de-paraguay\/\">\n\t\t\t\t\t\tGrupo TASA alcanza la primer Certificaci\u00f3n LEED Gold de Paraguay\t\t\t\t\t<\/a>\n\t\t\t\t<\/h4>\n\t\t\t\n\t\t\t\t\t\t\t\t\n\t\t\n\t\t\t\t\t\t<a class=\"fusion-link-wrapper\" href=\"https:\/\/o-mas-proyectos.com\/v4\/2019\/01\/15\/grupo-tasa-alcanza-la-primer-certificacion-leed-gold-de-paraguay\/\" aria-label=\"Grupo TASA alcanza la primer Certificaci\u00f3n LEED Gold de Paraguay\"><\/a>\n\t<\/div>\n<\/div>\n<\/div>\n<\/li>\n\t\t\t\n\t\t\t\n\t\t\t\t\t\t\t\t\t\t\t\t\t\t\t\t\t\t\t\t\t\t\t\t\t\t\t\t\t\t\t\t\t\t\t\t\t\t\t\t\t\t\t\t\t\t\t\t\t\t\t\t\t\t\t\t\t\t\t\t\t\t\t\t\t\t\t\t\t\t\t\t\t\t\t\t\t\t\t\t\t\t\t\t\t\t\t\t\t\t\t\t\t\t\t\t\t\t\t\t\t\t\t\t\t\t\t\t\t\t\t\t\t\t\t\t\t\t\t\t\t\t\t\t\t\t\t\t\t\t\t\t\t\t\t\t\t\t\t\t\t\t\t\t\t\t\t\t\t\t\t\t\t\t\t\t\t\t\t\t\t\t\t\t\t\t\t\t\t\t\t\t\t\t\t\t\t\t\t\t\t\t\t\t\t\t\t\t\t\t\t\t\t\t\t\t\t\t\t\t\t\t\t<\/ul>\n\t<\/div>\n\t<div class=\"fusion-post-content post-content\"><h2 class=\"blog-shortcode-post-title entry-title\"><a href=\"https:\/\/o-mas-proyectos.com\/v4\/2019\/01\/15\/grupo-tasa-alcanza-la-primer-certificacion-leed-gold-de-paraguay\/\">Grupo TASA alcanza la primer Certificaci\u00f3n LEED Gold de Paraguay<\/a><\/h2><div class=\"fusion-post-content-container\"><p> E l complejo, situado en el Distrito de Villeta, incluye oficinas, c\u00e1mara de temperatura controlada y jaula de almacenamiento de productos peligrosos. El edificio fue construido especialmente para Unilever Paraguay en el marco del[...]<\/p><\/div><\/div><div class=\"fusion-clearfix\"><\/div><div class=\"fusion-meta-info\"><div class=\"fusion-alignleft\">Por <span class=\"vcard\"><span class=\"fn\"><a href=\"https:\/\/o-mas-proyectos.com\/v4\/author\/301\/\" title=\"Entradas de O+ Proyectos\" rel=\"author\">O+ Proyectos<\/a><\/span><\/span><span class=\"fusion-inline-sep\">|<\/span><span class=\"updated\" style=\"display:none;\">2023-08-09T20:02:57+00:00<\/span><span>15\/01\/2019<\/span><span class=\"fusion-inline-sep\">|<\/span>Categor\u00edas: <a href=\"https:\/\/o-mas-proyectos.com\/v4\/category\/proyectos\/\" rel=\"category tag\">Proyectos<\/a>, <a href=\"https:\/\/o-mas-proyectos.com\/v4\/category\/sustentabilidad\/\" rel=\"category tag\">Sustentabilidad<\/a><span class=\"fusion-inline-sep\">|<\/span><\/div><div class=\"fusion-alignright\"><a class=\"fusion-read-more\" href=\"https:\/\/o-mas-proyectos.com\/v4\/2019\/01\/15\/grupo-tasa-alcanza-la-primer-certificacion-leed-gold-de-paraguay\/\" aria-label=\"More on Grupo TASA alcanza la primer Certificaci\u00f3n LEED Gold de Paraguay\">Leer M\u00e1s<\/a><\/div><\/div><\/article>\n<article id=\"blog-1-post-489\" class=\"fusion-post-medium post-489 post type-post status-publish format-standard has-post-thumbnail hentry category-proyectos category-sustentabilidad\">\n\t<style type=\"text\/css\">\n\t\t\n\t\t\n\t\t\n\t\t\n\t\t\t<\/style>\n\n\n\t\t\t<div class=\"fusion-flexslider flexslider fusion-flexslider-loading fusion-post-slideshow\" style=\"\">\n\t\t<ul class=\"slides\">\n\t\t\t\n\t\t\t\t\t\t\t\t\t\t\t\t\t\t<li><div  class=\"fusion-image-wrapper fusion-image-size-fixed\" aria-haspopup=\"true\">\n\t\t\t\t<img decoding=\"async\" width=\"320\" height=\"202\" src=\"https:\/\/o-mas-proyectos.com\/v4\/wp-content\/uploads\/2015\/06\/Unilever-1-320x202.webp\" class=\"attachment-blog-medium size-blog-medium lazyload wp-post-image\" alt=\"Inauguraci\u00f3n Unilever 1\" srcset=\"data:image\/svg+xml,%3Csvg%20xmlns%3D%27http%3A%2F%2Fwww.w3.org%2F2000%2Fsvg%27%20width%3D%271400%27%20height%3D%27788%27%20viewBox%3D%270%200%201400%20788%27%3E%3Crect%20width%3D%271400%27%20height%3D%27788%27%20fill-opacity%3D%220%22%2F%3E%3C%2Fsvg%3E\" data-orig-src=\"https:\/\/o-mas-proyectos.com\/v4\/wp-content\/uploads\/2015\/06\/Unilever-1-320x202.webp\" data-srcset=\"https:\/\/o-mas-proyectos.com\/v4\/wp-content\/uploads\/2015\/06\/Unilever-1-320x202.webp 320w, https:\/\/o-mas-proyectos.com\/v4\/wp-content\/uploads\/2015\/06\/Unilever-1-700x441.webp 700w\" data-sizes=\"auto\" \/><div class=\"fusion-rollover\">\n\t<div class=\"fusion-rollover-content\">\n\n\t\t\t\t\t\t\t\t\t\t\t\t\t\t<a class=\"fusion-rollover-link\" href=\"https:\/\/o-mas-proyectos.com\/v4\/2018\/09\/20\/beautiful-lighting-effects\/\">Unilever inaugura su primer Centro de Distribuci\u00f3n Sustentable en Paraguay<\/a>\n\t\t\t\n\t\t\t\t\t\t\t\t\t\t\t\t\t\t\n\t\t\t\t\t\t\t\t\n\t\t\t\t\t\t\t\t\t\t\t\t\t<div class=\"fusion-rollover-sep\"><\/div>\n\t\t\t\t\n\t\t\t\t\t\t\t\t\t\t\t\t\t\t\t\t\t\t<a class=\"fusion-rollover-gallery\" href=\"https:\/\/o-mas-proyectos.com\/v4\/wp-content\/uploads\/2015\/06\/Unilever-1.webp\" data-id=\"489\" data-rel=\"iLightbox[gallery]\" data-title=\"Unilever 1\" data-caption=\"\">\n\t\t\t\t\t\tGaler\u00eda\t\t\t\t\t<\/a>\n\t\t\t\t\t\t\t\t\t\t\t\t\t\t\n\t\t\n\t\t\t\t\t\t\t\t\t\t\t\t<h4 class=\"fusion-rollover-title\">\n\t\t\t\t\t<a class=\"fusion-rollover-title-link\" href=\"https:\/\/o-mas-proyectos.com\/v4\/2018\/09\/20\/beautiful-lighting-effects\/\">\n\t\t\t\t\t\tUnilever inaugura su primer Centro de Distribuci\u00f3n Sustentable en Paraguay\t\t\t\t\t<\/a>\n\t\t\t\t<\/h4>\n\t\t\t\n\t\t\t\t\t\t\t\t\n\t\t\n\t\t\t\t\t\t<a class=\"fusion-link-wrapper\" href=\"https:\/\/o-mas-proyectos.com\/v4\/2018\/09\/20\/beautiful-lighting-effects\/\" aria-label=\"Unilever inaugura su primer Centro de Distribuci\u00f3n Sustentable en Paraguay\"><\/a>\n\t<\/div>\n<\/div>\n<\/div>\n<\/li>\n\t\t\t\n\t\t\t\n\t\t\t\t\t\t\t\t\t\t\t\t\t\t\t\t\t\t\t\t\t\t\t\t\t\t\t\t\t\t\t\t\t\t\t\t\t\t\t\t\t\t\t\t\t\t\t\t\t\t\t\t\t\t\t\t\t\t\t\t\t\t\t\t\t\t\t\t\t\t\t\t\t\t\t\t\t\t\t\t\t\t\t\t\t\t\t\t\t\t\t\t\t\t\t\t\t\t\t\t\t\t\t\t\t\t\t\t\t\t\t\t\t\t\t\t\t\t\t\t\t\t\t\t\t\t\t\t\t\t\t\t\t\t\t\t\t\t\t\t\t\t\t\t\t\t\t\t\t\t\t\t\t\t\t\t\t\t\t\t\t\t\t\t\t\t\t\t\t\t\t\t\t\t\t\t\t\t\t\t\t\t\t\t\t\t\t\t\t\t\t\t\t\t\t\t\t\t\t\t\t\t\t<\/ul>\n\t<\/div>\n\t<div class=\"fusion-post-content post-content\"><h2 class=\"blog-shortcode-post-title entry-title\"><a href=\"https:\/\/o-mas-proyectos.com\/v4\/2018\/09\/20\/beautiful-lighting-effects\/\">Unilever inaugura su primer Centro de Distribuci\u00f3n Sustentable en Paraguay<\/a><\/h2><div class=\"fusion-post-content-container\"><p> Una de las m\u00e1s grandes apuestas de Unilever en 22 a\u00f1os de presencia en el pa\u00eds, el Centro Ecolog\u00edstico Avay, ha sido inaugurada el pasado 12 de septiembre en la ciudad de Villa Elisa.[...]<\/p><\/div><\/div><div class=\"fusion-clearfix\"><\/div><div class=\"fusion-meta-info\"><div class=\"fusion-alignleft\">Por <span class=\"vcard\"><span class=\"fn\"><a href=\"https:\/\/o-mas-proyectos.com\/v4\/author\/301\/\" title=\"Entradas de O+ Proyectos\" rel=\"author\">O+ Proyectos<\/a><\/span><\/span><span class=\"fusion-inline-sep\">|<\/span><span class=\"updated\" style=\"display:none;\">2023-08-09T19:32:55+00:00<\/span><span>20\/09\/2018<\/span><span class=\"fusion-inline-sep\">|<\/span>Categor\u00edas: <a href=\"https:\/\/o-mas-proyectos.com\/v4\/category\/proyectos\/\" rel=\"category tag\">Proyectos<\/a>, <a href=\"https:\/\/o-mas-proyectos.com\/v4\/category\/sustentabilidad\/\" rel=\"category tag\">Sustentabilidad<\/a><span class=\"fusion-inline-sep\">|<\/span><\/div><div class=\"fusion-alignright\"><a class=\"fusion-read-more\" href=\"https:\/\/o-mas-proyectos.com\/v4\/2018\/09\/20\/beautiful-lighting-effects\/\" aria-label=\"More on Unilever inaugura su primer Centro de Distribuci\u00f3n Sustentable en Paraguay\">Leer M\u00e1s<\/a><\/div><\/div><\/article>\n<\/div><\/div><div class=\"fusion-separator fusion-full-width-sep\" style=\"align-self: center;margin-left: auto;margin-right: auto;margin-top:20px;margin-bottom:20px;width:100%;\"><\/div><\/div><\/div><\/div><\/div>\n","protected":false},"excerpt":{"rendered":"","protected":false},"author":1,"featured_media":0,"parent":0,"menu_order":0,"comment_status":"closed","ping_status":"open","template":"","meta":{"footnotes":""},"class_list":["post-444","page","type-page","status-publish","hentry"],"_links":{"self":[{"href":"https:\/\/o-mas-proyectos.com\/v4\/wp-json\/wp\/v2\/pages\/444","targetHints":{"allow":["GET"]}}],"collection":[{"href":"https:\/\/o-mas-proyectos.com\/v4\/wp-json\/wp\/v2\/pages"}],"about":[{"href":"https:\/\/o-mas-proyectos.com\/v4\/wp-json\/wp\/v2\/types\/page"}],"author":[{"embeddable":true,"href":"https:\/\/o-mas-proyectos.com\/v4\/wp-json\/wp\/v2\/users\/1"}],"replies":[{"embeddable":true,"href":"https:\/\/o-mas-proyectos.com\/v4\/wp-json\/wp\/v2\/comments?post=444"}],"version-history":[{"count":0,"href":"https:\/\/o-mas-proyectos.com\/v4\/wp-json\/wp\/v2\/pages\/444\/revisions"}],"wp:attachment":[{"href":"https:\/\/o-mas-proyectos.com\/v4\/wp-json\/wp\/v2\/media?parent=444"}],"curies":[{"name":"wp","href":"https:\/\/api.w.org\/{rel}","templated":true}]}}